{"id":11667,"date":"2019-10-21T15:57:27","date_gmt":"2019-10-21T13:57:27","guid":{"rendered":"http:\/\/www.hossi-im-netz.de\/wordpress\/?page_id=11667"},"modified":"2019-10-21T22:50:06","modified_gmt":"2019-10-21T20:50:06","slug":"waesche-trockenzeit","status":"publish","type":"page","link":"https:\/\/www.hossi-im-netz.de\/wordpress\/waesche-trockenzeit\/","title":{"rendered":"W\u00e4sche &#8211; Trockenzeit"},"content":{"rendered":"\n<p>Oft steht man vor der Frage. Trocknet die W\u00e4sche noch, wenn ich sie jetzt raush\u00e4nge? <\/p>\n\n\n\n<p>Daf\u00fcr wurde mittels Messdaten wie Temperatur, Luftfeuchtigkeit, Windgeschwindigkeit und vieles mehr, eine Berechnung erstellt, welche aussagt, wie lange die W\u00e4sche unter den aktuell herrschenden Bedingen zum trocknen ben\u00f6tigt. Au\u00dferdem wurde ein Mittelwert f\u00fcr Stoffarten und eine mittlere Schleuderzahl angenommen.<\/p>\n\n\n\n<p>Die Angabe ist in Stunden und Minuten. Wenn eine Trocknung nicht erreicht werden kann, wird der Prozentsatz der maximal m\u00f6glichen Trocknung angegeben und zwar bis zum Sonnenuntergang. Nachts wird keine Trockenzeit angegeben, da es meist zu feucht ist.<\/p>\n\n\n\n<p>Viel Spa\u00df beim Nutzen.<\/p>\n\n\n\n<h3 class=\"wp-block-heading\">Trockenzeit<\/h3>\n\n\n\n<p><iframe loading=\"lazy\" src=\"https:\/\/www.hossi-im-netz.de\/wetter\/trockenzeit.html\" name=\"Wetterdaten\" width=\"90%\" height=\"800\" frameborder=\"0\"><\/iframe><\/p>\n","protected":false},"excerpt":{"rendered":"<p>Oft steht man vor der Frage. Trocknet die W\u00e4sche noch, wenn ich sie jetzt raush\u00e4nge? Daf\u00fcr wurde mittels Messdaten wie Temperatur, Luftfeuchtigkeit, Windgeschwindigkeit und vieles mehr, eine Berechnung erstellt, welche aussagt, wie lange die W\u00e4sche unter den aktuell herrschenden Bedingen <span class=\"excerpt-dots\">&hellip;<\/span> <a class=\"more-link\" href=\"https:\/\/www.hossi-im-netz.de\/wordpress\/waesche-trockenzeit\/\"><span class=\"more-msg\">Weiterlesen &rarr;<\/span><\/a><\/p>\n","protected":false},"author":1,"featured_media":11670,"parent":0,"menu_order":0,"comment_status":"closed","ping_status":"closed","template":"","meta":{"_exactmetrics_skip_tracking":false,"_exactmetrics_sitenote_active":false,"_exactmetrics_sitenote_note":"","_exactmetrics_sitenote_category":0,"jetpack_post_was_ever_published":false,"footnotes":""},"yst_prominent_words":[10446,11784,11783,7698],"class_list":["post-11667","page","type-page","status-publish","has-post-thumbnail","hentry"],"jetpack_sharing_enabled":true,"jetpack_shortlink":"https:\/\/wp.me\/P5DnIb-32b","jetpack-related-posts":[],"jetpack_likes_enabled":true,"_links":{"self":[{"href":"https:\/\/www.hossi-im-netz.de\/wordpress\/wp-json\/wp\/v2\/pages\/11667","targetHints":{"allow":["GET"]}}],"collection":[{"href":"https:\/\/www.hossi-im-netz.de\/wordpress\/wp-json\/wp\/v2\/pages"}],"about":[{"href":"https:\/\/www.hossi-im-netz.de\/wordpress\/wp-json\/wp\/v2\/types\/page"}],"author":[{"embeddable":true,"href":"https:\/\/www.hossi-im-netz.de\/wordpress\/wp-json\/wp\/v2\/users\/1"}],"replies":[{"embeddable":true,"href":"https:\/\/www.hossi-im-netz.de\/wordpress\/wp-json\/wp\/v2\/comments?post=11667"}],"version-history":[{"count":6,"href":"https:\/\/www.hossi-im-netz.de\/wordpress\/wp-json\/wp\/v2\/pages\/11667\/revisions"}],"predecessor-version":[{"id":11678,"href":"https:\/\/www.hossi-im-netz.de\/wordpress\/wp-json\/wp\/v2\/pages\/11667\/revisions\/11678"}],"wp:featuredmedia":[{"embeddable":true,"href":"https:\/\/www.hossi-im-netz.de\/wordpress\/wp-json\/wp\/v2\/media\/11670"}],"wp:attachment":[{"href":"https:\/\/www.hossi-im-netz.de\/wordpress\/wp-json\/wp\/v2\/media?parent=11667"}],"wp:term":[{"taxonomy":"yst_prominent_words","embeddable":true,"href":"https:\/\/www.hossi-im-netz.de\/wordpress\/wp-json\/wp\/v2\/yst_prominent_words?post=11667"}],"curies":[{"name":"wp","href":"https:\/\/api.w.org\/{rel}","templated":true}]}}