{"id":138,"date":"2015-01-20T20:28:20","date_gmt":"2015-01-20T20:28:20","guid":{"rendered":"http:\/\/hossi-im-netz.de\/wordpress\/?page_id=138"},"modified":"2016-02-12T15:41:11","modified_gmt":"2016-02-12T13:41:11","slug":"wettervorhersage-dwd","status":"publish","type":"page","link":"https:\/\/www.hossi-im-netz.de\/wordpress\/vorhersage\/wettervorhersage-dwd\/","title":{"rendered":"Wettervorhersage DWD"},"content":{"rendered":"<h2>Wettervorhersage DWD<\/h2>\n<p><span style=\"text-decoration: underline;\">Wettervorhersage heute fr\u00fch<\/span><\/p>\n<p><img loading=\"lazy\" decoding=\"async\" class=\"alignnone\" src=\"http:\/\/www.dwd.de\/DWD\/wetter\/wv_allg\/deutschland\/bilder\/vhs_saa_heutefrueh.jpg\" alt=\"\" width=\"540\" height=\"500\" \/><\/p>\n<p><span style=\"text-decoration: underline;\">Wettervorhersage heute Mittag<\/span><\/p>\n<p><img loading=\"lazy\" decoding=\"async\" class=\"alignnone\" src=\"http:\/\/www.dwd.de\/DWD\/wetter\/wv_allg\/deutschland\/bilder\/vhs_saa_heutemittag.jpg\" alt=\"\" width=\"540\" height=\"500\" \/><\/p>\n<p><span style=\"text-decoration: underline;\">Wettervorhersage heute Abend<\/span><\/p>\n<p><img loading=\"lazy\" decoding=\"async\" class=\"alignnone\" src=\"http:\/\/www.dwd.de\/DWD\/wetter\/wv_allg\/deutschland\/bilder\/vhs_saa_heutespaet.jpg\" alt=\"\" width=\"540\" height=\"500\" \/><\/p>\n<p><span style=\"text-decoration: underline;\">Wettervorhersage heute Nacht<\/span><\/p>\n<p><img loading=\"lazy\" decoding=\"async\" class=\"alignnone\" src=\"http:\/\/www.dwd.de\/DWD\/wetter\/wv_allg\/deutschland\/bilder\/vhs_saa_heutenacht.jpg\" alt=\"\" width=\"540\" height=\"500\" \/><\/p>\n<p><span style=\"text-decoration: underline;\">Wettervorhersage morgen fr\u00fch<\/span><\/p>\n<p><img loading=\"lazy\" decoding=\"async\" class=\"alignnone\" src=\"http:\/\/www.dwd.de\/DWD\/wetter\/wv_allg\/deutschland\/bilder\/vhs_saa_morgenfrueh.jpg\" alt=\"\" width=\"540\" height=\"500\" \/><\/p>\n<p><span style=\"text-decoration: underline;\">Wettervorhersage morgen sp\u00e4t<\/span><\/p>\n<p><img loading=\"lazy\" decoding=\"async\" class=\"alignnone\" src=\"http:\/\/www.dwd.de\/DWD\/wetter\/wv_allg\/deutschland\/bilder\/vhs_saa_morgenspaet.jpg\" alt=\"\" width=\"540\" height=\"500\" \/><\/p>\n<p><span style=\"text-decoration: underline;\">Wettervorhersage \u00fcbermorgen fr\u00fch<\/span><\/p>\n<p><img loading=\"lazy\" decoding=\"async\" class=\"alignnone\" src=\"http:\/\/www.dwd.de\/DWD\/wetter\/wv_allg\/deutschland\/bilder\/vhs_saa_uebermorgenfrueh.jpg\" alt=\"\" width=\"540\" height=\"500\" \/><\/p>\n<p><span style=\"text-decoration: underline;\">Wettervorhersage \u00fcbermorgen sp\u00e4t<\/span><\/p>\n<p><img loading=\"lazy\" decoding=\"async\" class=\"alignnone\" src=\"http:\/\/www.dwd.de\/DWD\/wetter\/wv_allg\/deutschland\/bilder\/vhs_saa_uebermorgenspaet.jpg\" alt=\"\" width=\"540\" height=\"500\" \/><\/p>\n<p><span style=\"text-decoration: underline;\">Wettervorhersage 4. Tag fr\u00fch<\/span><\/p>\n<p><img loading=\"lazy\" decoding=\"async\" class=\"alignnone\" src=\"http:\/\/www.dwd.de\/DWD\/wetter\/wv_allg\/deutschland\/bilder\/vhs_saa_tag4frueh.jpg\" alt=\"\" width=\"540\" height=\"500\" \/><\/p>\n<p><span style=\"text-decoration: underline;\">Wettervorhersage 4. Tag sp\u00e4t<\/span><\/p>\n<p><img loading=\"lazy\" decoding=\"async\" class=\"alignnone\" src=\"http:\/\/www.dwd.de\/DWD\/wetter\/wv_allg\/deutschland\/bilder\/vhs_saa_tag4spaet.jpg\" alt=\"\" width=\"540\" height=\"500\" \/><\/p>\n<p><span style=\"text-decoration: underline;\">15 Tage Temperaturtrend<\/span><\/p>\n<p><img loading=\"lazy\" decoding=\"async\" class=\"alignnone\" src=\"http:\/\/www.dwd.de\/DWD\/wetter\/wv_allg\/deutschland\/bilder\/trendpic_saa.jpg\" alt=\"\" width=\"540\" height=\"386\" \/><\/p>\n<p>&nbsp;<\/p>\n<p>&nbsp;<\/p>\n<p>&nbsp;<\/p>\n<p>&nbsp;<\/p>\n","protected":false},"excerpt":{"rendered":"<p>Wettervorhersage DWD Wettervorhersage heute fr\u00fch Wettervorhersage heute Mittag Wettervorhersage heute Abend Wettervorhersage heute Nacht Wettervorhersage morgen fr\u00fch Wettervorhersage morgen sp\u00e4t Wettervorhersage \u00fcbermorgen fr\u00fch Wettervorhersage \u00fcbermorgen sp\u00e4t Wettervorhersage 4. Tag fr\u00fch Wettervorhersage 4. Tag sp\u00e4t 15 Tage Temperaturtrend &nbsp; &nbsp; &nbsp; <span class=\"excerpt-dots\">&hellip;<\/span> <a class=\"more-link\" href=\"https:\/\/www.hossi-im-netz.de\/wordpress\/vorhersage\/wettervorhersage-dwd\/\"><span class=\"more-msg\">Weiterlesen &rarr;<\/span><\/a><\/p>\n","protected":false},"author":1,"featured_media":0,"parent":135,"menu_order":0,"comment_status":"closed","ping_status":"open","template":"","meta":{"_exactmetrics_skip_tracking":false,"_exactmetrics_sitenote_active":false,"_exactmetrics_sitenote_note":"","_exactmetrics_sitenote_category":0,"jetpack_post_was_ever_published":false,"footnotes":""},"yst_prominent_words":[],"class_list":["post-138","page","type-page","status-publish","hentry"],"jetpack_sharing_enabled":true,"jetpack_shortlink":"https:\/\/wp.me\/P5DnIb-2e","jetpack-related-posts":[],"jetpack_likes_enabled":true,"_links":{"self":[{"href":"https:\/\/www.hossi-im-netz.de\/wordpress\/wp-json\/wp\/v2\/pages\/138","targetHints":{"allow":["GET"]}}],"collection":[{"href":"https:\/\/www.hossi-im-netz.de\/wordpress\/wp-json\/wp\/v2\/pages"}],"about":[{"href":"https:\/\/www.hossi-im-netz.de\/wordpress\/wp-json\/wp\/v2\/types\/page"}],"author":[{"embeddable":true,"href":"https:\/\/www.hossi-im-netz.de\/wordpress\/wp-json\/wp\/v2\/users\/1"}],"replies":[{"embeddable":true,"href":"https:\/\/www.hossi-im-netz.de\/wordpress\/wp-json\/wp\/v2\/comments?post=138"}],"version-history":[{"count":11,"href":"https:\/\/www.hossi-im-netz.de\/wordpress\/wp-json\/wp\/v2\/pages\/138\/revisions"}],"predecessor-version":[{"id":2703,"href":"https:\/\/www.hossi-im-netz.de\/wordpress\/wp-json\/wp\/v2\/pages\/138\/revisions\/2703"}],"up":[{"embeddable":true,"href":"https:\/\/www.hossi-im-netz.de\/wordpress\/wp-json\/wp\/v2\/pages\/135"}],"wp:attachment":[{"href":"https:\/\/www.hossi-im-netz.de\/wordpress\/wp-json\/wp\/v2\/media?parent=138"}],"wp:term":[{"taxonomy":"yst_prominent_words","embeddable":true,"href":"https:\/\/www.hossi-im-netz.de\/wordpress\/wp-json\/wp\/v2\/yst_prominent_words?post=138"}],"curies":[{"name":"wp","href":"https:\/\/api.w.org\/{rel}","templated":true}]}}