{"id":2,"date":"2015-01-19T21:00:49","date_gmt":"2015-01-19T21:00:49","guid":{"rendered":"http:\/\/localhost\/wordpress-4.0.1\/wordpress\/?page_id=2"},"modified":"2026-03-14T12:25:03","modified_gmt":"2026-03-14T10:25:03","slug":"wetter-brachwitz","status":"publish","type":"page","link":"https:\/\/www.hossi-im-netz.de\/wordpress\/","title":{"rendered":"Wetter Brachwitz"},"content":{"rendered":"\n<h2 class=\"wp-block-heading\">Wetter Brachwitz<\/h2>\n\n\n<div class=\"wp-block-image\">\n<figure class=\"alignleft\"><a href=\"http:\/\/hossi-im-netz.de\/wordpress\/?page_id=156\"><img decoding=\"async\" src=\"https:\/\/www.hossi-im-netz.de\/wetter\/minidisplay.gif\" alt=\"\"\/><\/a><\/figure>\n<\/div>\n\n\n<p>Herzlich Willkommen auf Wetterseite der Wetterstation Brachwitz. Hier gibt es das aktuelle Wetter f\u00fcr und aus Brachwitz (Stadt Wettin-L\u00f6bej\u00fcn, Saalekreis, Halle). Die <a href=\"https:\/\/www.hossi-im-netz.de\/wordpress\/wetter\/wettertechnik\/\">Me\u00dftechnik<\/a> ist abgestimmt mit den Vorgaben des <a href=\"http:\/\/www.dwd.de\">Deutschen Wetterdienstes<\/a> f\u00fcr Wetterstationen. Es erfolgt eine Datenerfassung mindestens aller zwei Minuten. Die Vorhersagen beziehen sich auf die Region um Brachwitz, das hei\u00dft sie gelten ebenfalls f\u00fcr die Stadt Halle Saale, Wetten-L\u00f6bej\u00fcn und den n\u00f6rdlichen Saalekreis.<\/p>\n\n\n\n<p>Im Bereich der <a href=\"https:\/\/www.hossi-im-netz.de\/wordpress\/?page_id=135\" target=\"_blank\" rel=\"noopener noreferrer\">Vorhersage<\/a> wird ihnen nicht nur das gesamte Know-how des Deutschen Wetterdienstes aufbereitet zur Verf\u00fcgung gestellt, sondern auch die Daten und Karten anderen Wetterdienste dargeboten. Au\u00dferdem werden im <a href=\"https:\/\/www.hossi-im-netz.de\/wordpress\/?page_id=233\" target=\"_blank\" rel=\"noopener noreferrer\">Wetterblog<\/a> Wettervorhersagen, Statistiken und interessante Informationen rund um das Wetter, der Region Brachwitz, Wettin-L\u00f6bej\u00fcn, dem n\u00f6rdlichen Saalekreis sowie der Stadt Halle Saale gepostet. Der Bereich <a href=\"https:\/\/www.hossi-im-netz.de\/wordpress\/wetterwarnungen\/\" target=\"_blank\" rel=\"noopener noreferrer\">Wetterwarnungen<\/a> informiert \u00fcber warnw\u00fcrdige Wetterereignisse und eventuelle Schutzma\u00dfnahmen. Auch der <a href=\"https:\/\/www.hossi-im-netz.de\/wordpress\/saalepegel\/\">Pegel<\/a> von Saale und ihrer Zufl\u00fcsse stehen zusammengefasst zur Verf\u00fcgung. Die sch\u00f6nsten und spektakul\u00e4rsten Fotos rund um das Wetter finden sie in der Rubrik <a href=\"https:\/\/www.hossi-im-netz.de\/wordpress\/envira_album\/wetterbilder\/\">Wetterbilder<\/a>. Weiterhin k\u00f6nnen Sie sich im Bereich des <a href=\"https:\/\/www.hossi-im-netz.de\/wordpress\/gartenwetter\/\">Gartenwetters<\/a> \u00fcber die Vegetationsindikatoren f\u00fcr die Landwirtschaft und n\u00fctzliche Tipps f\u00fcr Garten und Freizeit ansehen. Dar\u00fcber hinaus&nbsp;k\u00f6nnt ihr im unteren Bereich der Website die aktuelle <a href=\"http:\/\/www.twitter.com\/wetterbrachwitz\" target=\"_blank\" rel=\"noopener noreferrer\">Twitter-Timeline<\/a> und die <a href=\"https:\/\/www.facebook.com\/wetterstationbrachwitz\" target=\"_blank\" rel=\"noopener noreferrer\">Facebook-Seite<\/a> der Wetterstation Brachwitz sehen und nat\u00fcrlich auch folgen. Die Wetterdaten stehen f\u00fcr jeden frei zur Verf\u00fcgung werden zus\u00e4tzlich f\u00fcr 8 <a href=\"https:\/\/www.hossi-im-netz.de\/wordpress\/wetterseitenlinks\/\">Wetternetzwerke<\/a> bereitgestellt.<\/p>\n\n\n\n<p>Seit 2017 steht Ihnen auch eine <a href=\"https:\/\/www.hossi-im-netz.de\/wordpress\/wetter\/wettercam\/\">Wettercam<\/a> in HD zur Verf\u00fcgung.&nbsp;<span style=\"color: #ff0000;\">NEU in 2019<\/span> ist die <a href=\"https:\/\/www.hossi-im-netz.de\/wordpress\/wetter\/wettertechnik\/\">Wettertechnik<\/a> und der neue <a href=\"https:\/\/www.hossi-im-netz.de\/wordpress\/feinstaub-brachwitz\/\">Feinstaubsensor, <\/a>sowie der <a href=\"https:\/\/www.hossi-im-netz.de\/wordpress\/wetterkalender\/\">Wetterkalender<\/a> und die deutlich <a href=\"https:\/\/www.hossi-im-netz.de\/wordpress\/wetter\/wetter-aktuell-neu\/\">umfangreichere Wetter\u00fcbersicht<\/a>.<\/p>\n\n\n\n<p>Viel Spa\u00df beim Erkunden.<\/p>\n\n\n\n<h2 class=\"wp-block-heading\"><strong>NEWS<\/strong><\/h2>\n\n\n\n<p>&nbsp;<\/p>\n\n\n\n<h3 class=\"wp-block-heading\">&nbsp;Wetterverlauf f\u00fcr die n\u00e4chsten 48 Stunden<\/h3>\n\n\n<div class=\"wp-block-image\">\n<figure class=\"aligncenter\"><a href=\"http:\/\/hossi-im-netz.de\/wordpress\/?page_id=135\"><img decoding=\"async\" src=\"https:\/\/www.yr.no\/en\/content\/2-2945606\/meteogram.svg\" alt=\"Wetter in Brachwitz f\u00fcr die n\u00e4chsten 48 Stunden\"\/><\/a><\/figure>\n<\/div>\n\n\n<p class=\"has-text-align-center\"><\/p>\n\n\n\n<p><a href=\"http:\/\/hossi-im-netz.de\/wordpress\/?page_id=135\">&nbsp;<\/a><\/p>\n\n\n\n<h3 class=\"wp-block-heading\">Wettervorhersage f\u00fcr Brachwitz<\/h3>\n\n\n<div class=\"wp-block-image\">\n<figure class=\"aligncenter\"><img decoding=\"async\" src=\"https:\/\/www.daswetter.com\/wimages\/fotoc9a6d24af4ad7d257d01868b13ad1a63.png\" alt=\"\"\/><\/figure>\n<\/div>\n\n\n<p><\/p>\n\n\n\n<h3 class=\"wp-block-heading\">Wetter-Cam Brachwitz<\/h3>\n\n\n<div class=\"wp-block-image\">\n<figure class=\"aligncenter\"><a href=\"https:\/\/www.hossi-im-netz.de\/wordpress\/wetter\/wettercam\/\"><img decoding=\"async\" src=\"https:\/\/www.hossi-im-netz.de\/wetter\/cam.jpg\" alt=\"Wetter Cam Webcam Brachwitz\"\/><\/a><figcaption class=\"wp-element-caption\">Klicke auf das Bild<\/figcaption><\/figure>\n<\/div>","protected":false},"excerpt":{"rendered":"<p>Wetter Brachwitz Herzlich Willkommen auf Wetterseite der Wetterstation Brachwitz. Hier gibt es das aktuelle Wetter f\u00fcr und aus Brachwitz (Stadt Wettin-L\u00f6bej\u00fcn, Saalekreis, Halle). Die Me\u00dftechnik ist abgestimmt mit den Vorgaben des Deutschen Wetterdienstes f\u00fcr Wetterstationen. Es erfolgt eine Datenerfassung mindestens <span class=\"excerpt-dots\">&hellip;<\/span> <a class=\"more-link\" href=\"https:\/\/www.hossi-im-netz.de\/wordpress\/\"><span class=\"more-msg\">Weiterlesen &rarr;<\/span><\/a><\/p>\n","protected":false},"author":1,"featured_media":0,"parent":0,"menu_order":0,"comment_status":"closed","ping_status":"open","template":"","meta":{"_exactmetrics_skip_tracking":false,"_exactmetrics_sitenote_active":false,"_exactmetrics_sitenote_note":"","_exactmetrics_sitenote_category":0,"jetpack_post_was_ever_published":false,"footnotes":""},"yst_prominent_words":[2913,2399,2286,2897,4558,2697,4915,2202,8636,3355,4557,6440,4914,1694,2906,1220,4917,4916,4913,4556],"class_list":["post-2","page","type-page","status-publish","hentry"],"jetpack_sharing_enabled":true,"jetpack_shortlink":"https:\/\/wp.me\/P5DnIb-2","jetpack-related-posts":[],"jetpack_likes_enabled":true,"_links":{"self":[{"href":"https:\/\/www.hossi-im-netz.de\/wordpress\/wp-json\/wp\/v2\/pages\/2","targetHints":{"allow":["GET"]}}],"collection":[{"href":"https:\/\/www.hossi-im-netz.de\/wordpress\/wp-json\/wp\/v2\/pages"}],"about":[{"href":"https:\/\/www.hossi-im-netz.de\/wordpress\/wp-json\/wp\/v2\/types\/page"}],"author":[{"embeddable":true,"href":"https:\/\/www.hossi-im-netz.de\/wordpress\/wp-json\/wp\/v2\/users\/1"}],"replies":[{"embeddable":true,"href":"https:\/\/www.hossi-im-netz.de\/wordpress\/wp-json\/wp\/v2\/comments?post=2"}],"version-history":[{"count":156,"href":"https:\/\/www.hossi-im-netz.de\/wordpress\/wp-json\/wp\/v2\/pages\/2\/revisions"}],"predecessor-version":[{"id":24606,"href":"https:\/\/www.hossi-im-netz.de\/wordpress\/wp-json\/wp\/v2\/pages\/2\/revisions\/24606"}],"wp:attachment":[{"href":"https:\/\/www.hossi-im-netz.de\/wordpress\/wp-json\/wp\/v2\/media?parent=2"}],"wp:term":[{"taxonomy":"yst_prominent_words","embeddable":true,"href":"https:\/\/www.hossi-im-netz.de\/wordpress\/wp-json\/wp\/v2\/yst_prominent_words?post=2"}],"curies":[{"name":"wp","href":"https:\/\/api.w.org\/{rel}","templated":true}]}}