{"id":2307,"date":"2016-04-26T23:01:21","date_gmt":"2016-04-26T21:01:21","guid":{"rendered":"http:\/\/www.hossi-im-netz.de\/wordpress\/?page_id=2307"},"modified":"2019-05-15T10:35:39","modified_gmt":"2019-05-15T08:35:39","slug":"wettertechnik","status":"publish","type":"page","link":"https:\/\/www.hossi-im-netz.de\/wordpress\/wetter\/wettertechnik\/","title":{"rendered":"Wettertechnik"},"content":{"rendered":"<h2>Wettertechnik<\/h2>\n<p>Gegr\u00fcndet im Jahr 2009 kam zuerst eine einfache Wetterstation zum Einsatz, welche wenig sp\u00e4ter durch die WS-2350 von LaCross ersetzt wurde. Die Ausf\u00fchrung ist schlicht, jedoch zuverl\u00e4ssig und robust. Die zuverl\u00e4ssige Bereitstellung von Daten an insgesamt 8\u00a0<a href=\"https:\/\/www.hossi-im-netz.de\/wordpress\/wetterseitenlinks\/\">Wetternetzwerke<\/a> untermauern die Qualit\u00e4t dieser einfachen Wetterstation.<\/p>\n<p>2019 &#8211; Nach 10 Jahren zuverl\u00e4ssigem Dienst wurde die WS2350 durch eine Profi-Wetterstation vom Typ Davis Vantage Pro2 abgel\u00f6st. Die VP2 besitzt neben deutlich hochwertigeren Komponenten eine 24h-Aktivbel\u00fcftung und einen zus\u00e4tzlichen Solarsensor. Au\u00dferdem ist diese Wetterstation noch deutlich erweiterbar.<\/p>\n<h3>Au\u00dfeneinheit<\/h3>\n<h5>In 2015 neu aufgebautes Wetterh\u00e4uschen mit aktiver Bel\u00fcftung. Temperatur- und Feuchtesensor.<\/h5>\n<p><a href=\"https:\/\/www.hossi-im-netz.de\/wordpress\/wp-content\/uploads\/2016\/04\/image-12-1.jpeg\"><img loading=\"lazy\" decoding=\"async\" data-attachment-id=\"3440\" data-permalink=\"https:\/\/www.hossi-im-netz.de\/wordpress\/image-12-2\/\" data-orig-file=\"https:\/\/www.hossi-im-netz.de\/wordpress\/wp-content\/uploads\/2016\/04\/image-12-1.jpeg\" data-orig-size=\"3024,4032\" data-comments-opened=\"1\" data-image-meta=\"{&quot;aperture&quot;:&quot;2.2&quot;,&quot;credit&quot;:&quot;&quot;,&quot;camera&quot;:&quot;iPhone 6s Plus&quot;,&quot;caption&quot;:&quot;&quot;,&quot;created_timestamp&quot;:&quot;1458234298&quot;,&quot;copyright&quot;:&quot;&quot;,&quot;focal_length&quot;:&quot;4.15&quot;,&quot;iso&quot;:&quot;25&quot;,&quot;shutter_speed&quot;:&quot;0.0010266940451745&quot;,&quot;title&quot;:&quot;&quot;,&quot;orientation&quot;:&quot;1&quot;}\" data-image-title=\"image-12\" data-image-description=\"\" data-image-caption=\"\" data-medium-file=\"https:\/\/www.hossi-im-netz.de\/wordpress\/wp-content\/uploads\/2016\/04\/image-12-1-225x300.jpeg\" data-large-file=\"https:\/\/www.hossi-im-netz.de\/wordpress\/wp-content\/uploads\/2016\/04\/image-12-1-768x1024.jpeg\" class=\"alignnone wp-image-3440 size-medium\" src=\"https:\/\/www.hossi-im-netz.de\/wordpress\/wp-content\/uploads\/2016\/04\/image-12-1-225x300.jpeg\" width=\"225\" height=\"300\" srcset=\"https:\/\/www.hossi-im-netz.de\/wordpress\/wp-content\/uploads\/2016\/04\/image-12-1-225x300.jpeg 225w, https:\/\/www.hossi-im-netz.de\/wordpress\/wp-content\/uploads\/2016\/04\/image-12-1-768x1024.jpeg 768w\" sizes=\"auto, (max-width: 225px) 100vw, 225px\" \/> <\/a><a href=\"https:\/\/www.hossi-im-netz.de\/wordpress\/wp-content\/uploads\/2019\/05\/162E680C-6A90-486D-8130-944637CC8F29.jpeg\"><img loading=\"lazy\" decoding=\"async\" data-attachment-id=\"11085\" data-permalink=\"https:\/\/www.hossi-im-netz.de\/wordpress\/wetter\/wettertechnik\/162e680c-6a90-486d-8130-944637cc8f29\/\" data-orig-file=\"https:\/\/www.hossi-im-netz.de\/wordpress\/wp-content\/uploads\/2019\/05\/162E680C-6A90-486D-8130-944637CC8F29.jpeg\" data-orig-size=\"768,1024\" data-comments-opened=\"1\" data-image-meta=\"{&quot;aperture&quot;:&quot;0&quot;,&quot;credit&quot;:&quot;&quot;,&quot;camera&quot;:&quot;&quot;,&quot;caption&quot;:&quot;&quot;,&quot;created_timestamp&quot;:&quot;0&quot;,&quot;copyright&quot;:&quot;&quot;,&quot;focal_length&quot;:&quot;0&quot;,&quot;iso&quot;:&quot;0&quot;,&quot;shutter_speed&quot;:&quot;0&quot;,&quot;title&quot;:&quot;&quot;,&quot;orientation&quot;:&quot;1&quot;}\" data-image-title=\"162E680C-6A90-486D-8130-944637CC8F29\" data-image-description=\"\" data-image-caption=\"\" data-medium-file=\"https:\/\/www.hossi-im-netz.de\/wordpress\/wp-content\/uploads\/2019\/05\/162E680C-6A90-486D-8130-944637CC8F29-225x300.jpeg\" data-large-file=\"https:\/\/www.hossi-im-netz.de\/wordpress\/wp-content\/uploads\/2019\/05\/162E680C-6A90-486D-8130-944637CC8F29-768x1024.jpeg\" class=\"alignnone size-medium wp-image-11085\" src=\"https:\/\/www.hossi-im-netz.de\/wordpress\/wp-content\/uploads\/2019\/05\/162E680C-6A90-486D-8130-944637CC8F29-225x300.jpeg\" alt=\"\" width=\"225\" height=\"300\" srcset=\"https:\/\/www.hossi-im-netz.de\/wordpress\/wp-content\/uploads\/2019\/05\/162E680C-6A90-486D-8130-944637CC8F29-225x300.jpeg 225w, https:\/\/www.hossi-im-netz.de\/wordpress\/wp-content\/uploads\/2019\/05\/162E680C-6A90-486D-8130-944637CC8F29.jpeg 768w\" sizes=\"auto, (max-width: 225px) 100vw, 225px\" \/><\/a><\/p>\n<h5>Mast f\u00fcr den Windmesser &#8211; H\u00f6he 8m (freistehend ohne Hindernisse, wie B\u00e4ume oder H\u00e4user)<\/h5>\n<p><a href=\"https:\/\/www.hossi-im-netz.de\/wordpress\/wp-content\/uploads\/2016\/04\/FullSizeRender-4.jpg\"><img loading=\"lazy\" decoding=\"async\" data-attachment-id=\"3441\" data-permalink=\"https:\/\/www.hossi-im-netz.de\/wordpress\/fullsizerender-4\/\" data-orig-file=\"https:\/\/www.hossi-im-netz.de\/wordpress\/wp-content\/uploads\/2016\/04\/FullSizeRender-4.jpg\" data-orig-size=\"3024,4032\" data-comments-opened=\"1\" data-image-meta=\"{&quot;aperture&quot;:&quot;2.2&quot;,&quot;credit&quot;:&quot;&quot;,&quot;camera&quot;:&quot;iPhone 6s Plus&quot;,&quot;caption&quot;:&quot;&quot;,&quot;created_timestamp&quot;:&quot;1458234309&quot;,&quot;copyright&quot;:&quot;&quot;,&quot;focal_length&quot;:&quot;4.15&quot;,&quot;iso&quot;:&quot;25&quot;,&quot;shutter_speed&quot;:&quot;0.0012224938875306&quot;,&quot;title&quot;:&quot;&quot;,&quot;orientation&quot;:&quot;1&quot;}\" data-image-title=\"FullSizeRender 4\" data-image-description=\"\" data-image-caption=\"\" data-medium-file=\"https:\/\/www.hossi-im-netz.de\/wordpress\/wp-content\/uploads\/2016\/04\/FullSizeRender-4-225x300.jpg\" data-large-file=\"https:\/\/www.hossi-im-netz.de\/wordpress\/wp-content\/uploads\/2016\/04\/FullSizeRender-4-768x1024.jpg\" class=\"alignnone wp-image-3441 size-medium\" src=\"https:\/\/www.hossi-im-netz.de\/wordpress\/wp-content\/uploads\/2016\/04\/FullSizeRender-4-225x300.jpg\" width=\"225\" height=\"300\" srcset=\"https:\/\/www.hossi-im-netz.de\/wordpress\/wp-content\/uploads\/2016\/04\/FullSizeRender-4-225x300.jpg 225w, https:\/\/www.hossi-im-netz.de\/wordpress\/wp-content\/uploads\/2016\/04\/FullSizeRender-4-768x1024.jpg 768w\" sizes=\"auto, (max-width: 225px) 100vw, 225px\" \/> <\/a><a href=\"https:\/\/www.hossi-im-netz.de\/wordpress\/wp-content\/uploads\/2019\/05\/1918BFEC-C8EC-421F-B628-C3D3E3B0352B.jpeg\"><img loading=\"lazy\" decoding=\"async\" data-attachment-id=\"11087\" data-permalink=\"https:\/\/www.hossi-im-netz.de\/wordpress\/wetter\/wettertechnik\/1918bfec-c8ec-421f-b628-c3d3e3b0352b\/\" data-orig-file=\"https:\/\/www.hossi-im-netz.de\/wordpress\/wp-content\/uploads\/2019\/05\/1918BFEC-C8EC-421F-B628-C3D3E3B0352B.jpeg\" data-orig-size=\"768,1024\" data-comments-opened=\"1\" data-image-meta=\"{&quot;aperture&quot;:&quot;0&quot;,&quot;credit&quot;:&quot;&quot;,&quot;camera&quot;:&quot;&quot;,&quot;caption&quot;:&quot;&quot;,&quot;created_timestamp&quot;:&quot;0&quot;,&quot;copyright&quot;:&quot;&quot;,&quot;focal_length&quot;:&quot;0&quot;,&quot;iso&quot;:&quot;0&quot;,&quot;shutter_speed&quot;:&quot;0&quot;,&quot;title&quot;:&quot;&quot;,&quot;orientation&quot;:&quot;1&quot;}\" data-image-title=\"1918BFEC-C8EC-421F-B628-C3D3E3B0352B\" data-image-description=\"\" data-image-caption=\"\" data-medium-file=\"https:\/\/www.hossi-im-netz.de\/wordpress\/wp-content\/uploads\/2019\/05\/1918BFEC-C8EC-421F-B628-C3D3E3B0352B-225x300.jpeg\" data-large-file=\"https:\/\/www.hossi-im-netz.de\/wordpress\/wp-content\/uploads\/2019\/05\/1918BFEC-C8EC-421F-B628-C3D3E3B0352B-768x1024.jpeg\" class=\"alignnone size-medium wp-image-11087\" src=\"https:\/\/www.hossi-im-netz.de\/wordpress\/wp-content\/uploads\/2019\/05\/1918BFEC-C8EC-421F-B628-C3D3E3B0352B-225x300.jpeg\" alt=\"\" width=\"225\" height=\"300\" srcset=\"https:\/\/www.hossi-im-netz.de\/wordpress\/wp-content\/uploads\/2019\/05\/1918BFEC-C8EC-421F-B628-C3D3E3B0352B-225x300.jpeg 225w, https:\/\/www.hossi-im-netz.de\/wordpress\/wp-content\/uploads\/2019\/05\/1918BFEC-C8EC-421F-B628-C3D3E3B0352B.jpeg 768w\" sizes=\"auto, (max-width: 225px) 100vw, 225px\" \/><\/a><\/p>\n<h3>Inneneinheit<\/h3>\n<h5><\/h5>\n<h5>Empfangsteil &#8211; WS2350\/VP2<\/h5>\n<p><a href=\"https:\/\/www.hossi-im-netz.de\/wordpress\/wp-content\/uploads\/2016\/04\/IMG_3627.jpg\"><img loading=\"lazy\" decoding=\"async\" data-attachment-id=\"3438\" data-permalink=\"https:\/\/www.hossi-im-netz.de\/wordpress\/wetter\/wettertechnik\/img_3627\/\" data-orig-file=\"https:\/\/www.hossi-im-netz.de\/wordpress\/wp-content\/uploads\/2016\/04\/IMG_3627.jpg\" data-orig-size=\"4032,3024\" data-comments-opened=\"1\" data-image-meta=\"{&quot;aperture&quot;:&quot;2.2&quot;,&quot;credit&quot;:&quot;&quot;,&quot;camera&quot;:&quot;iPhone 6s Plus&quot;,&quot;caption&quot;:&quot;&quot;,&quot;created_timestamp&quot;:&quot;1461710457&quot;,&quot;copyright&quot;:&quot;&quot;,&quot;focal_length&quot;:&quot;4.15&quot;,&quot;iso&quot;:&quot;640&quot;,&quot;shutter_speed&quot;:&quot;0.25&quot;,&quot;title&quot;:&quot;&quot;,&quot;orientation&quot;:&quot;1&quot;}\" data-image-title=\"IMG_3627\" data-image-description=\"\" data-image-caption=\"\" data-medium-file=\"https:\/\/www.hossi-im-netz.de\/wordpress\/wp-content\/uploads\/2016\/04\/IMG_3627-300x225.jpg\" data-large-file=\"https:\/\/www.hossi-im-netz.de\/wordpress\/wp-content\/uploads\/2016\/04\/IMG_3627-1024x768.jpg\" class=\"alignnone wp-image-3438 size-medium\" src=\"https:\/\/www.hossi-im-netz.de\/wordpress\/wp-content\/uploads\/2016\/04\/IMG_3627-300x225.jpg\" alt=\"IMG_3627\" width=\"300\" height=\"225\" srcset=\"https:\/\/www.hossi-im-netz.de\/wordpress\/wp-content\/uploads\/2016\/04\/IMG_3627-300x225.jpg 300w, https:\/\/www.hossi-im-netz.de\/wordpress\/wp-content\/uploads\/2016\/04\/IMG_3627-768x576.jpg 768w, https:\/\/www.hossi-im-netz.de\/wordpress\/wp-content\/uploads\/2016\/04\/IMG_3627-1024x768.jpg 1024w\" sizes=\"auto, (max-width: 300px) 100vw, 300px\" \/> <\/a><a href=\"https:\/\/www.hossi-im-netz.de\/wordpress\/wp-content\/uploads\/2019\/05\/12F692A3-A3D9-4096-8461-4794ADEB5337.jpeg\"><img loading=\"lazy\" decoding=\"async\" data-attachment-id=\"11086\" data-permalink=\"https:\/\/www.hossi-im-netz.de\/wordpress\/wetter\/wettertechnik\/12f692a3-a3d9-4096-8461-4794adeb5337\/\" data-orig-file=\"https:\/\/www.hossi-im-netz.de\/wordpress\/wp-content\/uploads\/2019\/05\/12F692A3-A3D9-4096-8461-4794ADEB5337.jpeg\" data-orig-size=\"1024,768\" data-comments-opened=\"1\" data-image-meta=\"{&quot;aperture&quot;:&quot;0&quot;,&quot;credit&quot;:&quot;&quot;,&quot;camera&quot;:&quot;&quot;,&quot;caption&quot;:&quot;&quot;,&quot;created_timestamp&quot;:&quot;0&quot;,&quot;copyright&quot;:&quot;&quot;,&quot;focal_length&quot;:&quot;0&quot;,&quot;iso&quot;:&quot;0&quot;,&quot;shutter_speed&quot;:&quot;0&quot;,&quot;title&quot;:&quot;&quot;,&quot;orientation&quot;:&quot;1&quot;}\" data-image-title=\"12F692A3-A3D9-4096-8461-4794ADEB5337\" data-image-description=\"\" data-image-caption=\"\" data-medium-file=\"https:\/\/www.hossi-im-netz.de\/wordpress\/wp-content\/uploads\/2019\/05\/12F692A3-A3D9-4096-8461-4794ADEB5337-300x225.jpeg\" data-large-file=\"https:\/\/www.hossi-im-netz.de\/wordpress\/wp-content\/uploads\/2019\/05\/12F692A3-A3D9-4096-8461-4794ADEB5337-1024x768.jpeg\" class=\"alignnone size-medium wp-image-11086\" src=\"https:\/\/www.hossi-im-netz.de\/wordpress\/wp-content\/uploads\/2019\/05\/12F692A3-A3D9-4096-8461-4794ADEB5337-300x225.jpeg\" alt=\"\" width=\"300\" height=\"225\" srcset=\"https:\/\/www.hossi-im-netz.de\/wordpress\/wp-content\/uploads\/2019\/05\/12F692A3-A3D9-4096-8461-4794ADEB5337-300x225.jpeg 300w, https:\/\/www.hossi-im-netz.de\/wordpress\/wp-content\/uploads\/2019\/05\/12F692A3-A3D9-4096-8461-4794ADEB5337-768x576.jpeg 768w, https:\/\/www.hossi-im-netz.de\/wordpress\/wp-content\/uploads\/2019\/05\/12F692A3-A3D9-4096-8461-4794ADEB5337.jpeg 1024w\" sizes=\"auto, (max-width: 300px) 100vw, 300px\" \/><\/a><\/p>\n<h5>Wetterrechner &#8211; Toshiba mit Windows 2000 (sehr zuverl\u00e4ssig) &#8211; bis 2016<\/h5>\n<p><a href=\"https:\/\/www.hossi-im-netz.de\/wordpress\/wp-content\/uploads\/2016\/04\/toshiba-1.jpg\"><img loading=\"lazy\" decoding=\"async\" data-attachment-id=\"3443\" data-permalink=\"https:\/\/www.hossi-im-netz.de\/wordpress\/toshiba\/\" data-orig-file=\"https:\/\/www.hossi-im-netz.de\/wordpress\/wp-content\/uploads\/2016\/04\/toshiba-1.jpg\" data-orig-size=\"3024,4032\" data-comments-opened=\"1\" data-image-meta=\"{&quot;aperture&quot;:&quot;2.2&quot;,&quot;credit&quot;:&quot;&quot;,&quot;camera&quot;:&quot;iPhone 6s Plus&quot;,&quot;caption&quot;:&quot;&quot;,&quot;created_timestamp&quot;:&quot;1454750999&quot;,&quot;copyright&quot;:&quot;&quot;,&quot;focal_length&quot;:&quot;4.15&quot;,&quot;iso&quot;:&quot;125&quot;,&quot;shutter_speed&quot;:&quot;0.125&quot;,&quot;title&quot;:&quot;&quot;,&quot;orientation&quot;:&quot;1&quot;}\" data-image-title=\"toshiba\" data-image-description=\"\" data-image-caption=\"\" data-medium-file=\"https:\/\/www.hossi-im-netz.de\/wordpress\/wp-content\/uploads\/2016\/04\/toshiba-1-225x300.jpg\" data-large-file=\"https:\/\/www.hossi-im-netz.de\/wordpress\/wp-content\/uploads\/2016\/04\/toshiba-1-768x1024.jpg\" class=\"alignnone wp-image-3443 size-medium\" src=\"https:\/\/www.hossi-im-netz.de\/wordpress\/wp-content\/uploads\/2016\/04\/toshiba-1-225x300.jpg\" width=\"225\" height=\"300\" srcset=\"https:\/\/www.hossi-im-netz.de\/wordpress\/wp-content\/uploads\/2016\/04\/toshiba-1-225x300.jpg 225w, https:\/\/www.hossi-im-netz.de\/wordpress\/wp-content\/uploads\/2016\/04\/toshiba-1-768x1024.jpg 768w\" sizes=\"auto, (max-width: 225px) 100vw, 225px\" \/><\/a><\/p>\n<h5>Wetterrechner &#8211;\u00a0Shuttle (L\u00fcfterlos, SSD, 4-Kern, 7 Watt Verbrauch) &#8211; ab 2016<\/h5>\n<p><a href=\"https:\/\/www.hossi-im-netz.de\/wordpress\/wp-content\/uploads\/2016\/04\/shuttle.jpg\"><img loading=\"lazy\" decoding=\"async\" data-attachment-id=\"3442\" data-permalink=\"https:\/\/www.hossi-im-netz.de\/wordpress\/wetter\/wettertechnik\/shuttle\/\" data-orig-file=\"https:\/\/www.hossi-im-netz.de\/wordpress\/wp-content\/uploads\/2016\/04\/shuttle.jpg\" data-orig-size=\"3024,4032\" data-comments-opened=\"1\" data-image-meta=\"{&quot;aperture&quot;:&quot;2.2&quot;,&quot;credit&quot;:&quot;&quot;,&quot;camera&quot;:&quot;iPhone 6s Plus&quot;,&quot;caption&quot;:&quot;&quot;,&quot;created_timestamp&quot;:&quot;1454695225&quot;,&quot;copyright&quot;:&quot;&quot;,&quot;focal_length&quot;:&quot;4.15&quot;,&quot;iso&quot;:&quot;160&quot;,&quot;shutter_speed&quot;:&quot;0.25&quot;,&quot;title&quot;:&quot;&quot;,&quot;orientation&quot;:&quot;1&quot;}\" data-image-title=\"shuttle\" data-image-description=\"\" data-image-caption=\"\" data-medium-file=\"https:\/\/www.hossi-im-netz.de\/wordpress\/wp-content\/uploads\/2016\/04\/shuttle-225x300.jpg\" data-large-file=\"https:\/\/www.hossi-im-netz.de\/wordpress\/wp-content\/uploads\/2016\/04\/shuttle-768x1024.jpg\" class=\"alignnone wp-image-3442 size-medium\" src=\"https:\/\/www.hossi-im-netz.de\/wordpress\/wp-content\/uploads\/2016\/04\/shuttle-225x300.jpg\" alt=\"shuttle\" width=\"225\" height=\"300\" srcset=\"https:\/\/www.hossi-im-netz.de\/wordpress\/wp-content\/uploads\/2016\/04\/shuttle-225x300.jpg 225w, https:\/\/www.hossi-im-netz.de\/wordpress\/wp-content\/uploads\/2016\/04\/shuttle-768x1024.jpg 768w\" sizes=\"auto, (max-width: 225px) 100vw, 225px\" \/><\/a><\/p>\n<h5>USV &#8211; FSP 800 Wh<\/h5>\n<p><a href=\"https:\/\/www.hossi-im-netz.de\/wordpress\/wp-content\/uploads\/2016\/04\/IMG_3628.jpg\"><img loading=\"lazy\" decoding=\"async\" data-attachment-id=\"3439\" data-permalink=\"https:\/\/www.hossi-im-netz.de\/wordpress\/wetter\/wettertechnik\/img_3628\/\" data-orig-file=\"https:\/\/www.hossi-im-netz.de\/wordpress\/wp-content\/uploads\/2016\/04\/IMG_3628.jpg\" data-orig-size=\"4032,3024\" data-comments-opened=\"1\" data-image-meta=\"{&quot;aperture&quot;:&quot;2.2&quot;,&quot;credit&quot;:&quot;&quot;,&quot;camera&quot;:&quot;iPhone 6s Plus&quot;,&quot;caption&quot;:&quot;&quot;,&quot;created_timestamp&quot;:&quot;1461710487&quot;,&quot;copyright&quot;:&quot;&quot;,&quot;focal_length&quot;:&quot;4.15&quot;,&quot;iso&quot;:&quot;800&quot;,&quot;shutter_speed&quot;:&quot;0.25&quot;,&quot;title&quot;:&quot;&quot;,&quot;orientation&quot;:&quot;1&quot;}\" data-image-title=\"IMG_3628\" data-image-description=\"\" data-image-caption=\"\" data-medium-file=\"https:\/\/www.hossi-im-netz.de\/wordpress\/wp-content\/uploads\/2016\/04\/IMG_3628-300x225.jpg\" data-large-file=\"https:\/\/www.hossi-im-netz.de\/wordpress\/wp-content\/uploads\/2016\/04\/IMG_3628-1024x768.jpg\" class=\"alignnone wp-image-3439 size-medium\" src=\"https:\/\/www.hossi-im-netz.de\/wordpress\/wp-content\/uploads\/2016\/04\/IMG_3628-300x225.jpg\" alt=\"IMG_3628\" width=\"300\" height=\"225\" srcset=\"https:\/\/www.hossi-im-netz.de\/wordpress\/wp-content\/uploads\/2016\/04\/IMG_3628-300x225.jpg 300w, https:\/\/www.hossi-im-netz.de\/wordpress\/wp-content\/uploads\/2016\/04\/IMG_3628-768x576.jpg 768w, https:\/\/www.hossi-im-netz.de\/wordpress\/wp-content\/uploads\/2016\/04\/IMG_3628-1024x768.jpg 1024w\" sizes=\"auto, (max-width: 300px) 100vw, 300px\" \/><\/a><\/p>\n<h4>St\u00f6rungen\/Ausf\u00e4lle &#8211; ab 2016<\/h4>\n<div>\n<div>\n<div>\n<div>\n<div>\n<div><strong>14.01.2019<\/strong><\/div>\n<div>Datenverlust durch defekten Windgeschwindigkeitsmesser (Anemometer).<\/div>\n<\/div>\n<div><\/div>\n<div><strong>03.08.2018<\/strong><\/div>\n<div>Datenverlust durch falsche Datierung der Daten in der Importdatei &#8211; aufwendige manuelle Korrektur notwendig (ca. 24h Datenverlust)<\/div>\n<\/div>\n<div><\/div>\n<div><strong>18.01.2018<\/strong><\/div>\n<div>15:00\u00a0Stromausfall bis 19:00 USV &#8211; offline doch kein Datenverlust; Mast Windmesser bei 100 km\/h abgebrochen; Orkantief Friederike<\/div>\n<\/div>\n<div><\/div>\n<\/div>\n<div><strong>29.10.2017<\/strong><\/div>\n<div>5:20\u00a0Stromausfall bis 11:00 USV &#8211; offline doch kein Datenverlust; Wetterfahne verschoben; Orkantief Herwart<\/div>\n<\/div>\n<div><\/div>\n<div>\n<div><strong>14.04.2016<\/strong><\/div>\n<div>8:00\u00a0Stromausfall ohne USV. Wiederinbetriebnahme erst\u00a017:00, Datenverlust 2 Stunden. USV Nachr\u00fcstung!<\/div>\n<\/div>\n<div><\/div>\n<div>\n<div><strong>07.03.2016<\/strong><\/div>\n<div>5:30\u00a0Uhr- Ausfall Router durch Sicherungsabfall. Keine \u00dcbertragung. Ca.10:30 Uhr &#8211; Ausfall Stromversorgung durch defektes Bauteil. Leider im Urlaub, deswegen ca. 24h Datenverlust und ca. 36h keine \u00dcbertragung.<\/div>\n<div><\/div>\n<\/div>\n<div>\n<div><strong>29.02.2016<\/strong><\/div>\n<div>Durch einen Softwarefehler in Verbindung mit dem Schaltjahr kam es zum Stoppen des Systems. Update installiert.\u00a05 h\u00a0keine \u00dcbertragung. Kein Datenverlust.<\/div>\n<\/div>\n<div><\/div>\n<div>\n<div><strong>24.02.2016<\/strong><\/div>\n<div>WS2350\u00a0&#8211; hatte falsches Datum, Hardreset und Ersatz History Datei, Datenverlust 2,5h (150 Datens\u00e4tze)<\/div>\n<\/div>\n<div><\/div>\n<div>\n<div><strong>05.02.2016<\/strong><\/div>\n<div>Installation neuer Wetterrechner &#8211; Shuttle XS36V4 &#8211; Datenmigration ohne Verluste durchgef\u00fchrt<\/div>\n<\/div>\n<div><\/div>\n<div>\n<div><strong>19.01.2016<\/strong><\/div>\n<div>Platinenfehler Laptop &#8211; Reinstallation alter Toshiba Laptop als Wetterrechner<\/div>\n<\/div>\n<div><\/div>\n<div><strong>05.01.2016<\/strong><\/div>\n<div>Installation neuer Wetterrechner &#8211; Dell Laptop &#8211;<\/div>\n<div>Datenmigration ohne Verluste durchgef\u00fchrt<\/div>\n<div><\/div>\n<div><\/div>\n<div><\/div>\n<div><\/div>\n<div><\/div>\n","protected":false},"excerpt":{"rendered":"<p>Wettertechnik Gegr\u00fcndet im Jahr 2009 kam zuerst eine einfache Wetterstation zum Einsatz, welche wenig sp\u00e4ter durch die WS-2350 von LaCross ersetzt wurde. Die Ausf\u00fchrung ist schlicht, jedoch zuverl\u00e4ssig und robust. Die zuverl\u00e4ssige Bereitstellung von Daten an insgesamt 8\u00a0Wetternetzwerke untermauern die <span class=\"excerpt-dots\">&hellip;<\/span> <a class=\"more-link\" href=\"https:\/\/www.hossi-im-netz.de\/wordpress\/wetter\/wettertechnik\/\"><span class=\"more-msg\">Weiterlesen &rarr;<\/span><\/a><\/p>\n","protected":false},"author":1,"featured_media":0,"parent":145,"menu_order":10,"comment_status":"closed","ping_status":"closed","template":"","meta":{"_exactmetrics_skip_tracking":false,"_exactmetrics_sitenote_active":false,"_exactmetrics_sitenote_note":"","_exactmetrics_sitenote_category":0,"jetpack_post_was_ever_published":false,"footnotes":""},"yst_prominent_words":[6399,10179,5948,3466,6393,6391,6392,5708,6402,6396,6413,6401,6400,8581,6395,6397,6394,4916,6414,6403],"class_list":["post-2307","page","type-page","status-publish","hentry"],"jetpack_sharing_enabled":true,"jetpack_shortlink":"https:\/\/wp.me\/P5DnIb-Bd","jetpack-related-posts":[],"jetpack_likes_enabled":true,"_links":{"self":[{"href":"https:\/\/www.hossi-im-netz.de\/wordpress\/wp-json\/wp\/v2\/pages\/2307","targetHints":{"allow":["GET"]}}],"collection":[{"href":"https:\/\/www.hossi-im-netz.de\/wordpress\/wp-json\/wp\/v2\/pages"}],"about":[{"href":"https:\/\/www.hossi-im-netz.de\/wordpress\/wp-json\/wp\/v2\/types\/page"}],"author":[{"embeddable":true,"href":"https:\/\/www.hossi-im-netz.de\/wordpress\/wp-json\/wp\/v2\/users\/1"}],"replies":[{"embeddable":true,"href":"https:\/\/www.hossi-im-netz.de\/wordpress\/wp-json\/wp\/v2\/comments?post=2307"}],"version-history":[{"count":9,"href":"https:\/\/www.hossi-im-netz.de\/wordpress\/wp-json\/wp\/v2\/pages\/2307\/revisions"}],"predecessor-version":[{"id":11098,"href":"https:\/\/www.hossi-im-netz.de\/wordpress\/wp-json\/wp\/v2\/pages\/2307\/revisions\/11098"}],"up":[{"embeddable":true,"href":"https:\/\/www.hossi-im-netz.de\/wordpress\/wp-json\/wp\/v2\/pages\/145"}],"wp:attachment":[{"href":"https:\/\/www.hossi-im-netz.de\/wordpress\/wp-json\/wp\/v2\/media?parent=2307"}],"wp:term":[{"taxonomy":"yst_prominent_words","embeddable":true,"href":"https:\/\/www.hossi-im-netz.de\/wordpress\/wp-json\/wp\/v2\/yst_prominent_words?post=2307"}],"curies":[{"name":"wp","href":"https:\/\/api.w.org\/{rel}","templated":true}]}}