{"id":2562,"date":"2016-02-02T23:47:00","date_gmt":"2016-02-02T21:47:00","guid":{"rendered":"http:\/\/www.hossi-im-netz.de\/wordpress\/?page_id=2562"},"modified":"2016-04-06T21:25:11","modified_gmt":"2016-04-06T19:25:11","slug":"graslandfeuerindex-glfi","status":"publish","type":"page","link":"https:\/\/www.hossi-im-netz.de\/wordpress\/wetterwarnungen\/graslandfeuerindex-glfi\/","title":{"rendered":"Graslandfeuerindex (GLFI)"},"content":{"rendered":"<h3>Graslandfeuerindex (GLFI)<\/h3>\n<p><img loading=\"lazy\" decoding=\"async\" class=\"alignnone\" src=\"http:\/\/www.wettergefahren.de\/DWD\/warnungen\/agrar\/glfi\/glfi_stationen.png\" alt=\"\" width=\"392\" height=\"564\" \/><\/p>\n<p><img loading=\"lazy\" decoding=\"async\" class=\"alignnone\" src=\"http:\/\/www.wettergefahren.de\/DWD\/warnungen\/agrar\/glfi\/glfi_stationen1kl.png\" alt=\"\" width=\"193\" height=\"278\" \/>\u00a0<img loading=\"lazy\" decoding=\"async\" class=\"alignnone\" src=\"http:\/\/www.wettergefahren.de\/DWD\/warnungen\/agrar\/glfi\/glfi_stationen2kl.png\" alt=\"\" width=\"193\" height=\"278\" \/><\/p>\n<h3><img loading=\"lazy\" decoding=\"async\" class=\"alignnone\" src=\"http:\/\/www.wettergefahren.de\/DWD\/warnungen\/agrar\/glfi\/glfi_stationen3kl.png\" alt=\"\" width=\"193\" height=\"278\" \/>\u00a0<img loading=\"lazy\" decoding=\"async\" class=\"alignnone\" src=\"http:\/\/www.wettergefahren.de\/DWD\/warnungen\/agrar\/glfi\/glfi_stationen4kl.png\" alt=\"\" width=\"193\" height=\"278\" \/><\/h3>\n<h3>Index f\u00fcr die Feuergef\u00e4hrdung von offenem Gel\u00e4nde<\/h3>\n<p>Der Graslandfeuerindex (GLFI) beschreibt die Feuergef\u00e4hrdung von offenem, nicht abgeschattetem Gel\u00e4nde mit abgestorbener Wildgrasauflage ohne gr\u00fcnen Unterwuchs. Er zeigt das witterungsbedingte Feuerrisiko in 5 Gefahrenstufen an: 1 = sehr geringe Gefahr (gr\u00fcn) bis 5 = sehr hohe Gefahr (rot) \u2013 ebenso wie bei dem f\u00fcr Waldlandschaften verwendeten Waldbrandgefahrenindex (WBI).<\/p>\n<p>In den Karten werden die Vorhersagen zum Graslandfeuerindex f\u00fcr den aktuellen Tag und die 4 Folgetage dargestellt.<\/p>\n<p>(Ausgabezeitraum:\u00a0<abbr title=\"in der Regel\">i.d.R.<\/abbr>\u00a0M\u00e4rz bis Oktober)<\/p>\n","protected":false},"excerpt":{"rendered":"<p>Graslandfeuerindex (GLFI) \u00a0 \u00a0 Index f\u00fcr die Feuergef\u00e4hrdung von offenem Gel\u00e4nde Der Graslandfeuerindex (GLFI) beschreibt die Feuergef\u00e4hrdung von offenem, nicht abgeschattetem Gel\u00e4nde mit abgestorbener Wildgrasauflage ohne gr\u00fcnen Unterwuchs. Er zeigt das witterungsbedingte Feuerrisiko in 5 Gefahrenstufen an: 1 = sehr <span class=\"excerpt-dots\">&hellip;<\/span> <a class=\"more-link\" href=\"https:\/\/www.hossi-im-netz.de\/wordpress\/wetterwarnungen\/graslandfeuerindex-glfi\/\"><span class=\"more-msg\">Weiterlesen &rarr;<\/span><\/a><\/p>\n","protected":false},"author":1,"featured_media":0,"parent":123,"menu_order":0,"comment_status":"closed","ping_status":"closed","template":"","meta":{"_exactmetrics_skip_tracking":false,"_exactmetrics_sitenote_active":false,"_exactmetrics_sitenote_note":"","_exactmetrics_sitenote_category":0,"jetpack_post_was_ever_published":false,"footnotes":""},"yst_prominent_words":[],"class_list":["post-2562","page","type-page","status-publish","hentry"],"jetpack_sharing_enabled":true,"jetpack_shortlink":"https:\/\/wp.me\/P5DnIb-Fk","jetpack-related-posts":[],"jetpack_likes_enabled":true,"_links":{"self":[{"href":"https:\/\/www.hossi-im-netz.de\/wordpress\/wp-json\/wp\/v2\/pages\/2562","targetHints":{"allow":["GET"]}}],"collection":[{"href":"https:\/\/www.hossi-im-netz.de\/wordpress\/wp-json\/wp\/v2\/pages"}],"about":[{"href":"https:\/\/www.hossi-im-netz.de\/wordpress\/wp-json\/wp\/v2\/types\/page"}],"author":[{"embeddable":true,"href":"https:\/\/www.hossi-im-netz.de\/wordpress\/wp-json\/wp\/v2\/users\/1"}],"replies":[{"embeddable":true,"href":"https:\/\/www.hossi-im-netz.de\/wordpress\/wp-json\/wp\/v2\/comments?post=2562"}],"version-history":[{"count":3,"href":"https:\/\/www.hossi-im-netz.de\/wordpress\/wp-json\/wp\/v2\/pages\/2562\/revisions"}],"predecessor-version":[{"id":3212,"href":"https:\/\/www.hossi-im-netz.de\/wordpress\/wp-json\/wp\/v2\/pages\/2562\/revisions\/3212"}],"up":[{"embeddable":true,"href":"https:\/\/www.hossi-im-netz.de\/wordpress\/wp-json\/wp\/v2\/pages\/123"}],"wp:attachment":[{"href":"https:\/\/www.hossi-im-netz.de\/wordpress\/wp-json\/wp\/v2\/media?parent=2562"}],"wp:term":[{"taxonomy":"yst_prominent_words","embeddable":true,"href":"https:\/\/www.hossi-im-netz.de\/wordpress\/wp-json\/wp\/v2\/yst_prominent_words?post=2562"}],"curies":[{"name":"wp","href":"https:\/\/api.w.org\/{rel}","templated":true}]}}