{"id":3769,"date":"2016-05-17T20:13:55","date_gmt":"2016-05-17T18:13:55","guid":{"rendered":"http:\/\/www.hossi-im-netz.de\/wordpress\/?page_id=3769"},"modified":"2016-05-17T20:13:55","modified_gmt":"2016-05-17T18:13:55","slug":"bodenfeuchte","status":"publish","type":"page","link":"https:\/\/www.hossi-im-netz.de\/wordpress\/gartenwetter\/agrarinformationen\/bodenfeuchte\/","title":{"rendered":"Bodenfeuchte"},"content":{"rendered":"<h3 style=\"text-align: justify;\">Bodenfeuchte<\/h3>\n<p><img loading=\"lazy\" decoding=\"async\" class=\"alignnone\" src=\"http:\/\/www.dwd.de\/DWD\/klima\/agrar\/bf\/bf_r_DL_stationen.png\" width=\"392\" height=\"564\" \/><\/p>\n<h4>Bodenfeuchte am Beispiel der Station K\u00f6then<\/h4>\n<p style=\"text-align: justify;\">10-t\u00e4giger R\u00fcckblick des Wetters und der Bodenfeuchte in der Schicht 0 bis 60\u00a0<abbr title=\"Zentimeter\">cm<\/abbr>\u00a0unter Gras:<\/p>\n<p style=\"text-align: justify;\">Da die Messung der Bodenfeuchte sehr aufwendig und fehlerbehaftet ist, wird sie mittlerweile nicht mehr gemessen, sondern berechnet.<br \/>\nIm oberen Teil der Grafik sind der Verlauf der reale Verdunstung \u00fcber Gras und sandigem Lehm, des Tagesniederschlags sowie des pflanzennutzbaren Wassers und der nutzbaren Feldkapazit\u00e4t f\u00fcr zwei Standardbodenarten (sandiger Lehm und lehmiger Sand) f\u00fcr die letzten 10 Tage dargestellt. Bei den meisten B\u00f6den in Deutschland liegt das pflanzenverf\u00fcgbare Wasser zwischen den in der Grafik angegebenen B\u00f6den, so dass die dargestellten Kurven in etwa die m\u00f6gliche Spanne \u00fcber die obersten 60\u00a0<abbr title=\"Zentimeter\">cm<\/abbr>\u00a0abdecken.<br \/>\nIm unteren Teil der Grafik wird f\u00fcr das gleiche Zeitfenster das pflanzennutzbare Wasser (nFK) in % als Vertikalprofil \u00fcber die obersten 60\u00a0<abbr title=\"Zentimeter\">cm<\/abbr>\u00a0f\u00fcr die Bodenart sandiger Lehm und den Bewuchs Gras abgebildet.<\/p>\n<p><img loading=\"lazy\" decoding=\"async\" class=\"alignnone\" src=\"http:\/\/www.dwd.de\/DWD\/klima\/agrar\/bf\/bf_r_ST_N652.png\" width=\"674\" height=\"561\" \/><\/p>\n","protected":false},"excerpt":{"rendered":"<p>Bodenfeuchte Bodenfeuchte am Beispiel der Station K\u00f6then 10-t\u00e4giger R\u00fcckblick des Wetters und der Bodenfeuchte in der Schicht 0 bis 60\u00a0cm\u00a0unter Gras: Da die Messung der Bodenfeuchte sehr aufwendig und fehlerbehaftet ist, wird sie mittlerweile nicht mehr gemessen, sondern berechnet. Im <span class=\"excerpt-dots\">&hellip;<\/span> <a class=\"more-link\" href=\"https:\/\/www.hossi-im-netz.de\/wordpress\/gartenwetter\/agrarinformationen\/bodenfeuchte\/\"><span class=\"more-msg\">Weiterlesen &rarr;<\/span><\/a><\/p>\n","protected":false},"author":1,"featured_media":0,"parent":3754,"menu_order":0,"comment_status":"closed","ping_status":"closed","template":"","meta":{"_exactmetrics_skip_tracking":false,"_exactmetrics_sitenote_active":false,"_exactmetrics_sitenote_note":"","_exactmetrics_sitenote_category":0,"jetpack_post_was_ever_published":false,"footnotes":""},"yst_prominent_words":[],"class_list":["post-3769","page","type-page","status-publish","hentry"],"jetpack_sharing_enabled":true,"jetpack_shortlink":"https:\/\/wp.me\/P5DnIb-YN","jetpack-related-posts":[],"jetpack_likes_enabled":true,"_links":{"self":[{"href":"https:\/\/www.hossi-im-netz.de\/wordpress\/wp-json\/wp\/v2\/pages\/3769","targetHints":{"allow":["GET"]}}],"collection":[{"href":"https:\/\/www.hossi-im-netz.de\/wordpress\/wp-json\/wp\/v2\/pages"}],"about":[{"href":"https:\/\/www.hossi-im-netz.de\/wordpress\/wp-json\/wp\/v2\/types\/page"}],"author":[{"embeddable":true,"href":"https:\/\/www.hossi-im-netz.de\/wordpress\/wp-json\/wp\/v2\/users\/1"}],"replies":[{"embeddable":true,"href":"https:\/\/www.hossi-im-netz.de\/wordpress\/wp-json\/wp\/v2\/comments?post=3769"}],"version-history":[{"count":1,"href":"https:\/\/www.hossi-im-netz.de\/wordpress\/wp-json\/wp\/v2\/pages\/3769\/revisions"}],"predecessor-version":[{"id":3770,"href":"https:\/\/www.hossi-im-netz.de\/wordpress\/wp-json\/wp\/v2\/pages\/3769\/revisions\/3770"}],"up":[{"embeddable":true,"href":"https:\/\/www.hossi-im-netz.de\/wordpress\/wp-json\/wp\/v2\/pages\/3754"}],"wp:attachment":[{"href":"https:\/\/www.hossi-im-netz.de\/wordpress\/wp-json\/wp\/v2\/media?parent=3769"}],"wp:term":[{"taxonomy":"yst_prominent_words","embeddable":true,"href":"https:\/\/www.hossi-im-netz.de\/wordpress\/wp-json\/wp\/v2\/yst_prominent_words?post=3769"}],"curies":[{"name":"wp","href":"https:\/\/api.w.org\/{rel}","templated":true}]}}