{"id":3776,"date":"2016-05-17T20:24:20","date_gmt":"2016-05-17T18:24:20","guid":{"rendered":"http:\/\/www.hossi-im-netz.de\/wordpress\/?page_id=3776"},"modified":"2016-05-17T20:24:20","modified_gmt":"2016-05-17T18:24:20","slug":"verdunstung","status":"publish","type":"page","link":"https:\/\/www.hossi-im-netz.de\/wordpress\/gartenwetter\/agrarinformationen\/verdunstung\/","title":{"rendered":"Verdunstung"},"content":{"rendered":"<h3>Verdunstung<\/h3>\n<p><img loading=\"lazy\" decoding=\"async\" class=\"alignnone\" src=\"http:\/\/www.dwd.de\/DWD\/klima\/agrar\/vd\/vd_vgsl.png\" width=\"392\" height=\"564\" \/><\/p>\n<p><img loading=\"lazy\" decoding=\"async\" class=\"alignnone\" src=\"http:\/\/www.dwd.de\/DWD\/klima\/agrar\/vd\/vd_vpgsl.png\" width=\"392\" height=\"564\" \/><\/p>\n<div class=\"page\" title=\"Page 1\">\n<div class=\"layoutArea\">\n<div class=\"column\">\n<p style=\"text-align: justify;\">Darstellung der berechneten Verdunstung von Gras \u00fcber sandigem Lehm:<\/p>\n<p style=\"text-align: justify;\">In den Verdunstungskarten werden berechnete Tagessummen in Millimeter (mm) an- gezeigt. Es handelt sich dabei um Vorhersagen f\u00fcr den aktuellen Tag. \u00dcber das Aus- wahlmen\u00fc kann zwischen tats\u00e4chlichen und potentiellen Verdunstungswerten gewech- selt werden.<\/p>\n<p style=\"text-align: justify;\">Bei einem Bewuchs durch Gras gibt die potentielle Verdunstung die Wassermenge an, die von einer ausreichend feuchten Grasfl\u00e4che an die Atmosph\u00e4re abgegeben wird. Sie ist die maximale Wassermenge, die dem Boden durch das Gras entzogen werden kann. Ist der Boden durch fehlenden Niederschlag nicht ausreichend mit Wasser ver- sorgt, schr\u00e4nken die Gr\u00e4ser ihre Verdunstung ein, so dass dann die tats\u00e4chliche Ver- dunstung deutlich unter der potentiellen liegt. Der Wassergehalt des Bodens, der dem Gras f\u00fcr die Verdunstung zur Verf\u00fcgung steht, ist von der Bodenart abh\u00e4ngig. Ein Sandboden speichert in der Schicht bis 60 cm Tiefe maximal 60 mm Wasser, ein Lehmboden dagegen 150 mm. Bei Trockenheit geht daher die tats\u00e4chliche Verduns- tung \u00fcber Sand schneller als \u00fcber Lehm zur\u00fcck.<\/p>\n<p style=\"text-align: justify;\">Die in den aktuellen Verdunstungskarten dargestellte potentielle und tats\u00e4chliche Ver- dunstung wird nach der Methode von PENMAN-MONTEITH errechnet (s. auch L\u00f6pmeier, F.-J.: Berechnung der Bodenfeuchte und Verdunstung mittels agrarmeteoro- logischer Modelle. &#8211; Z. f. Bew\u00e4sserungswirtsch. 29, 2, 157-167, 1994).<\/p>\n<\/div>\n<\/div>\n<\/div>\n","protected":false},"excerpt":{"rendered":"<p>Verdunstung Darstellung der berechneten Verdunstung von Gras \u00fcber sandigem Lehm: In den Verdunstungskarten werden berechnete Tagessummen in Millimeter (mm) an- gezeigt. Es handelt sich dabei um Vorhersagen f\u00fcr den aktuellen Tag. \u00dcber das Aus- wahlmen\u00fc kann zwischen tats\u00e4chlichen und potentiellen <span class=\"excerpt-dots\">&hellip;<\/span> <a class=\"more-link\" href=\"https:\/\/www.hossi-im-netz.de\/wordpress\/gartenwetter\/agrarinformationen\/verdunstung\/\"><span class=\"more-msg\">Weiterlesen &rarr;<\/span><\/a><\/p>\n","protected":false},"author":1,"featured_media":0,"parent":3754,"menu_order":0,"comment_status":"closed","ping_status":"closed","template":"","meta":{"_exactmetrics_skip_tracking":false,"_exactmetrics_sitenote_active":false,"_exactmetrics_sitenote_note":"","_exactmetrics_sitenote_category":0,"jetpack_post_was_ever_published":false,"footnotes":""},"yst_prominent_words":[],"class_list":["post-3776","page","type-page","status-publish","hentry"],"jetpack_sharing_enabled":true,"jetpack_shortlink":"https:\/\/wp.me\/P5DnIb-YU","jetpack-related-posts":[],"jetpack_likes_enabled":true,"_links":{"self":[{"href":"https:\/\/www.hossi-im-netz.de\/wordpress\/wp-json\/wp\/v2\/pages\/3776","targetHints":{"allow":["GET"]}}],"collection":[{"href":"https:\/\/www.hossi-im-netz.de\/wordpress\/wp-json\/wp\/v2\/pages"}],"about":[{"href":"https:\/\/www.hossi-im-netz.de\/wordpress\/wp-json\/wp\/v2\/types\/page"}],"author":[{"embeddable":true,"href":"https:\/\/www.hossi-im-netz.de\/wordpress\/wp-json\/wp\/v2\/users\/1"}],"replies":[{"embeddable":true,"href":"https:\/\/www.hossi-im-netz.de\/wordpress\/wp-json\/wp\/v2\/comments?post=3776"}],"version-history":[{"count":1,"href":"https:\/\/www.hossi-im-netz.de\/wordpress\/wp-json\/wp\/v2\/pages\/3776\/revisions"}],"predecessor-version":[{"id":3777,"href":"https:\/\/www.hossi-im-netz.de\/wordpress\/wp-json\/wp\/v2\/pages\/3776\/revisions\/3777"}],"up":[{"embeddable":true,"href":"https:\/\/www.hossi-im-netz.de\/wordpress\/wp-json\/wp\/v2\/pages\/3754"}],"wp:attachment":[{"href":"https:\/\/www.hossi-im-netz.de\/wordpress\/wp-json\/wp\/v2\/media?parent=3776"}],"wp:term":[{"taxonomy":"yst_prominent_words","embeddable":true,"href":"https:\/\/www.hossi-im-netz.de\/wordpress\/wp-json\/wp\/v2\/yst_prominent_words?post=3776"}],"curies":[{"name":"wp","href":"https:\/\/api.w.org\/{rel}","templated":true}]}}