{"id":4838,"date":"2016-09-24T16:21:54","date_gmt":"2016-09-24T14:21:54","guid":{"rendered":"http:\/\/www.hossi-im-netz.de\/wordpress\/?page_id=4838"},"modified":"2016-09-24T23:08:14","modified_gmt":"2016-09-24T21:08:14","slug":"seewetter-westliches-mittelmeer","status":"publish","type":"page","link":"https:\/\/www.hossi-im-netz.de\/wordpress\/vorhersage\/seewetterbericht\/seewetter-westliches-mittelmeer\/","title":{"rendered":"Seewetter westliches Mittelmeer"},"content":{"rendered":"<h2>Seewetter westliches Mittelmeer<\/h2>\n<p>Die aktuelle Wettersituation der Signifikanten Wellenh\u00f6he, des Windes in 10 m H\u00f6he \u00fcber Grund und des Luftdrucks.<\/p>\n<p><img loading=\"lazy\" decoding=\"async\" class=\"alignnone size-full\" src=\"http:\/\/www.dwd.de\/DWD\/wetter\/wv_spez\/seewetter\/wmitme_00.png\" alt=\"\" width=\"640\" height=\"468\" \/><\/p>\n<p><img loading=\"lazy\" decoding=\"async\" class=\"alignnone size-full\" src=\"http:\/\/www.dwd.de\/DWD\/wetter\/wv_spez\/seewetter\/wmitme_24.png\" alt=\"\" width=\"640\" height=\"468\" \/><\/p>\n<p><img loading=\"lazy\" decoding=\"async\" class=\"alignnone size-full\" src=\"http:\/\/www.dwd.de\/DWD\/wetter\/wv_spez\/seewetter\/wmitme_48.png\" alt=\"\" width=\"640\" height=\"468\" \/><\/p>\n<p><img loading=\"lazy\" decoding=\"async\" class=\"alignnone size-full\" src=\"http:\/\/www.dwd.de\/DWD\/wetter\/wv_spez\/seewetter\/wmitme_72.png\" alt=\"\" width=\"640\" height=\"468\" \/><\/p>\n<p>&nbsp;<\/p>\n","protected":false},"excerpt":{"rendered":"<p>Seewetter westliches Mittelmeer Die aktuelle Wettersituation der Signifikanten Wellenh\u00f6he, des Windes in 10 m H\u00f6he \u00fcber Grund und des Luftdrucks. &nbsp;<\/p>\n <a class=\"more-link\" href=\"https:\/\/www.hossi-im-netz.de\/wordpress\/vorhersage\/seewetterbericht\/seewetter-westliches-mittelmeer\/\"><span class=\"more-msg\">Weiterlesen &rarr;<\/span><\/a>","protected":false},"author":1,"featured_media":0,"parent":4310,"menu_order":0,"comment_status":"closed","ping_status":"closed","template":"","meta":{"_exactmetrics_skip_tracking":false,"_exactmetrics_sitenote_active":false,"_exactmetrics_sitenote_note":"","_exactmetrics_sitenote_category":0,"jetpack_post_was_ever_published":false,"footnotes":""},"yst_prominent_words":[],"class_list":["post-4838","page","type-page","status-publish","hentry"],"jetpack_sharing_enabled":true,"jetpack_shortlink":"https:\/\/wp.me\/P5DnIb-1g2","jetpack-related-posts":[],"jetpack_likes_enabled":true,"_links":{"self":[{"href":"https:\/\/www.hossi-im-netz.de\/wordpress\/wp-json\/wp\/v2\/pages\/4838","targetHints":{"allow":["GET"]}}],"collection":[{"href":"https:\/\/www.hossi-im-netz.de\/wordpress\/wp-json\/wp\/v2\/pages"}],"about":[{"href":"https:\/\/www.hossi-im-netz.de\/wordpress\/wp-json\/wp\/v2\/types\/page"}],"author":[{"embeddable":true,"href":"https:\/\/www.hossi-im-netz.de\/wordpress\/wp-json\/wp\/v2\/users\/1"}],"replies":[{"embeddable":true,"href":"https:\/\/www.hossi-im-netz.de\/wordpress\/wp-json\/wp\/v2\/comments?post=4838"}],"version-history":[{"count":2,"href":"https:\/\/www.hossi-im-netz.de\/wordpress\/wp-json\/wp\/v2\/pages\/4838\/revisions"}],"predecessor-version":[{"id":4857,"href":"https:\/\/www.hossi-im-netz.de\/wordpress\/wp-json\/wp\/v2\/pages\/4838\/revisions\/4857"}],"up":[{"embeddable":true,"href":"https:\/\/www.hossi-im-netz.de\/wordpress\/wp-json\/wp\/v2\/pages\/4310"}],"wp:attachment":[{"href":"https:\/\/www.hossi-im-netz.de\/wordpress\/wp-json\/wp\/v2\/media?parent=4838"}],"wp:term":[{"taxonomy":"yst_prominent_words","embeddable":true,"href":"https:\/\/www.hossi-im-netz.de\/wordpress\/wp-json\/wp\/v2\/yst_prominent_words?post=4838"}],"curies":[{"name":"wp","href":"https:\/\/api.w.org\/{rel}","templated":true}]}}