{"id":544,"date":"2015-06-05T10:37:39","date_gmt":"2015-06-05T10:37:39","guid":{"rendered":"http:\/\/www.hossi-im-netz.de\/wordpress\/?page_id=544"},"modified":"2016-10-25T20:25:29","modified_gmt":"2016-10-25T18:25:29","slug":"wetter-rekordwerte-2","status":"publish","type":"page","link":"https:\/\/www.hossi-im-netz.de\/wordpress\/wetter-rekordwerte-2\/","title":{"rendered":"Rekordwerte"},"content":{"rendered":"<h2>Rekordwerte Wetterstation Brachwitz<\/h2>\n<p style=\"text-align: justify;\">Hier finden Sie die Rekordwerte der Wetterstation Brachwitz seit Wetteraufzeichnung im Jahre 2009. Abgebildet werden nicht nur Rekorde f\u00fcr Temperaturen, Niederschlagsmengen, Windgeschwindigkeiten und Luftdr\u00fccke, sondern auch Dauer von Trockenheiten und Fr\u00f6sten, K\u00e4lte- und W\u00e4rmesummen sowie die Gr\u00fcnlandtemperatur*.<\/p>\n<h3 style=\"text-align: justify;\"><a href=\"https:\/\/www.hossi-im-netz.de\/wordpress\/wetter-rekordwerte-2\/langzeitwerte\/\">1.\u00a0Langzeitwerte (seit 2009)\u00a0<\/a><\/h3>\n<h3 style=\"text-align: justify;\"><a href=\"https:\/\/www.hossi-im-netz.de\/wordpress\/wetter-rekordwerte-2\/klimatabellen\/\">2.\u00a0Klimatabellen<\/a><\/h3>\n<h3><a href=\"https:\/\/www.hossi-im-netz.de\/wordpress\/wetter-rekordwerte-2\/jahreszeitenrekorde\/\">3. Jahreszeitenrekorde<\/a><\/h3>\n<p>&nbsp;<\/p>\n<p><iframe loading=\"lazy\" src=\"https:\/\/www.hossi-im-netz.de\/wetter\/custom_lt.html\" name=\"Wetterdaten\" width=\"90%\" height=\"1500\" frameborder=\"0\">Ihr Browser kann leider keine eingebetteten Frames anzeigen:<br \/>\nSie k\u00f6nnen die eingebettete Seite \u00fcber den folgenden Verweis<br \/>\naufrufen: <a href=\"https:\/\/www.hossi-im-netz.de\/wetter\/custom_lt.html\">SELFHTML<\/a>&nbsp;<\/p>\n<p>&nbsp;<\/p>\n<p><\/iframe><\/p>\n<p>&nbsp;<\/p>\n<p><em>*Gr\u00fcnlandtemperatur<\/em><\/p>\n<p class=\"bodytext\" style=\"text-align: justify;\"><em>Eine besondere Form der W\u00e4rmesumme ist die sogenannte Gr\u00fcnlandtemperatur oder Gr\u00fcnland-Temperatur-Summe.<\/em><br \/>\n<em> Sie wird in der\u00a0Agrarmeteorologie\u00a0insbesondere herangezogen, um in Mitteleuropa den Termin f\u00fcr das Einsetzen der Feldarbeit nach dem Winter zu bestimmen.<\/em><br \/>\n<em> Dabei werden ab Jahresbeginn alle positiven mittleren Tagesmittel erfasst und im Januar mit dem Faktor 0,5 multipliziert. Im Februar wird mit dem Faktor 0,75 multipliziert und ab M\u00e4rz geht dann der &#8222;volle&#8220; Tageswert (mal Faktor 1) in die Rechnung ein. (&#8222;Kumulierte korrigierte GTS&#8220;).<\/em><br \/>\n<em> Wird im Fr\u00fchjahr die Summe von 200 \u00fcberschritten, ist der nachhaltige Vegetationsbeginn erreicht. Hintergrund ist die Stickstoffaufnahme und -verarbeitung des Bodens, welcher von dieser Temperatursumme abh\u00e4ngig ist.<\/em><\/p>\n<p class=\"bodytext\" style=\"text-align: justify;\"><em><a class=\"external-link\" title=\"Wikipedia\" href=\"http:\/\/de.wikipedia.org\/wiki\/W%C3%A4rmesumme\" target=\"_blank\" rel=\"follow\">Quelle: (Wikipedia)<\/a><\/em><\/p>\n","protected":false},"excerpt":{"rendered":"<p>Rekordwerte Wetterstation Brachwitz Hier finden Sie die Rekordwerte der Wetterstation Brachwitz seit Wetteraufzeichnung im Jahre 2009. Abgebildet werden nicht nur Rekorde f\u00fcr Temperaturen, Niederschlagsmengen, Windgeschwindigkeiten und Luftdr\u00fccke, sondern auch Dauer von Trockenheiten und Fr\u00f6sten, K\u00e4lte- und W\u00e4rmesummen sowie die Gr\u00fcnlandtemperatur*. <span class=\"excerpt-dots\">&hellip;<\/span> <a class=\"more-link\" href=\"https:\/\/www.hossi-im-netz.de\/wordpress\/wetter-rekordwerte-2\/\"><span class=\"more-msg\">Weiterlesen &rarr;<\/span><\/a><\/p>\n","protected":false},"author":1,"featured_media":0,"parent":0,"menu_order":3,"comment_status":"open","ping_status":"closed","template":"","meta":{"_exactmetrics_skip_tracking":false,"_exactmetrics_sitenote_active":false,"_exactmetrics_sitenote_note":"","_exactmetrics_sitenote_category":0,"jetpack_post_was_ever_published":false,"footnotes":""},"yst_prominent_words":[],"class_list":["post-544","page","type-page","status-publish","hentry"],"jetpack_sharing_enabled":true,"jetpack_shortlink":"https:\/\/wp.me\/P5DnIb-8M","jetpack-related-posts":[],"jetpack_likes_enabled":true,"_links":{"self":[{"href":"https:\/\/www.hossi-im-netz.de\/wordpress\/wp-json\/wp\/v2\/pages\/544","targetHints":{"allow":["GET"]}}],"collection":[{"href":"https:\/\/www.hossi-im-netz.de\/wordpress\/wp-json\/wp\/v2\/pages"}],"about":[{"href":"https:\/\/www.hossi-im-netz.de\/wordpress\/wp-json\/wp\/v2\/types\/page"}],"author":[{"embeddable":true,"href":"https:\/\/www.hossi-im-netz.de\/wordpress\/wp-json\/wp\/v2\/users\/1"}],"replies":[{"embeddable":true,"href":"https:\/\/www.hossi-im-netz.de\/wordpress\/wp-json\/wp\/v2\/comments?post=544"}],"version-history":[{"count":13,"href":"https:\/\/www.hossi-im-netz.de\/wordpress\/wp-json\/wp\/v2\/pages\/544\/revisions"}],"predecessor-version":[{"id":5118,"href":"https:\/\/www.hossi-im-netz.de\/wordpress\/wp-json\/wp\/v2\/pages\/544\/revisions\/5118"}],"wp:attachment":[{"href":"https:\/\/www.hossi-im-netz.de\/wordpress\/wp-json\/wp\/v2\/media?parent=544"}],"wp:term":[{"taxonomy":"yst_prominent_words","embeddable":true,"href":"https:\/\/www.hossi-im-netz.de\/wordpress\/wp-json\/wp\/v2\/yst_prominent_words?post=544"}],"curies":[{"name":"wp","href":"https:\/\/api.w.org\/{rel}","templated":true}]}}